or of 12 and o.
12
Suppose 267 = 5*j - a, 2*j + a - 42 - 69 = 0. Let c = j - 48. What is the greatest common factor of 9 and c?
3
Let d(t) = 36*t + 1. Let y be d(-2). Let k = y + 127. Let h be 7/(-2)*-24*(5 + -4). What is the greatest common divisor of k and h?
28
Suppose 4 = -2*p + 3*p. Suppose 30 = 5*w - 5*u, 3*w + p*u - 4 = -14. Suppose -a = -w*a + 21. Calculate the greatest common divisor of 3 and a.
3
Let q = 6 + -64. Let w = -53 - q. Let p(f) = -26*f**3 - f**2 + f + 1. Let u be p(-1). What is the highest common divisor of u and w?
5
Let v = 1356 - 1156. What is the greatest common factor of 25 and v?
25
Let h be (0/6 - 4) + 7 - (-2 + -35). Let r = 35 + -25. What is the highest common factor of r and h?
10
Let p = 145 - -154. What is the highest common divisor of p and 26?
13
Let a = 107 - -54. Let r = -416 - -439. Calculate the greatest common factor of a and r.
23
Suppose w + 2*d = 25, 4*w + 2*d + 20 = 6*w. Calculate the greatest common divisor of 15 and w.
15
Let u be 25 - (-1 - (0/5 - -1)). What is the greatest common divisor of u and 27?
27
Suppose 18*l - 24*l = -156. Let p be (-7496)/(-36) - (-4)/(-18). What is the greatest common divisor of l and p?
26
Let y(o) be the third derivative of 0*o - 2*o**2 - 11/24*o**4 + 0*o**3 + 0. Let n be y(-4). Calculate the greatest common factor of n and 4.
4
Let l(a) = -a + 1. Let u be l(7). Let k = 28 + -16. Let o = k + u. Calculate the highest common factor of o and 2.
2
Suppose 8 = -l + 3*l - c, -22 = -l - 4*c. Suppose -l*u = -103 - 227. What is the highest common factor of u and 22?
11
Suppose -r + 2*s + 3 - 7 = 0, 0 = -5*r - 3*s + 45. Suppose z + 50 = 236. Suppose -r*a = -3*a - z. What is the highest common factor of a and 31?
31
Let u(v) = v**2 + 6*v + 3. Let g be u(-6). Suppose 4 + 2 = g*k. Suppose -18 = -k*d + 22. What is the highest common divisor of d and 50?
10
Suppose -3*v + 107 = c - 136, 2*v - c = 157. What is the highest common divisor of 270 and v?
10
Let p(s) = -73*s + 147. Let o be p(-5). Calculate the highest common divisor of o and 16.
16
Let i = -40 - -41. Let j be 2/2*(6 + (2 - i)). Calculate the highest common factor of j and 7.
7
Suppose -2*f = -2*d - 0*d - 470, 2*f + 5*d = 442. What is the highest common divisor of f and 33?
33
Suppose -2*f + 182 = 3*b - 217, -3*b + 807 = 4*f. What is the greatest common divisor of f and 51?
51
Let i = -511 - -566. Calculate the greatest common divisor of 319 and i.
11
Let g = 27 - 55. Let a = -2 - g. Calculate the highest common divisor of 26 and a.
26
Let c(v) = 3*v**2 - 57*v + 2. Let m be c(21). What is the greatest common divisor of m and 28?
4
Let s be (0 - -4)/(9/(-162)). Let z = s - -76. What is the greatest common factor of 40 and z?
4
Let b be 1 + (-6 + -4 - -3). Let v be ((-2)/(-6))/(b/(-54)) - -63. What is the highest common divisor of 33 and v?
33
Suppose -17*o = -5*o + 72. Let j be (-4)/o + (0 - 196/(-12)). Suppose 6*c - 67 = 3*c - 4*n, -81 = -5*c + n. Calculate the highest common factor of j and c.
17
Suppose 140 + 289 = 3*o. Let f = 55 + -42. Calculate the greatest common factor of o and f.
13
Let v be (8 - 7) + 1 + 1 - 2. Calculate the highest common factor of 3 and v.
1
Suppose -3*p - 5*w - 8 = 0, -5*p = 4*w - 1 + 10. Let q be (0*5/(-10))/p. Let a be (q + 16)/((-15)/(-15)). What is the greatest common divisor of a and 24?
8
Let d(i) = 2*i + 12. Let g be d(-4). Let u be (-8)/(-2*4/16). What is the greatest common factor of u and g?
4
Let f(q) = -q**3 + 12*q**2 + q - 15. Let p be f(14). Let y be (-2 - p/5) + 4/10. Calculate the greatest common divisor of 11 and y.
11
Suppose -10*h - 3960 = -25*h. Calculate the greatest common factor of h and 24.
24
Let j be (-452)/16 + -1*3/4. Let g = -38 - -18. Let i = g - j. What is the highest common factor of i and 63?
9
Let p(t) = 119*t - 28. Let u be p(1). Calculate the highest common divisor of u and 728.
91
Let u = 487 + -442. What is the highest common factor of 369 and u?
9
Let a be 4500/162 + 4/18. Let l(n) = n + 8. Let m be l(-6). Let w be (1 - 0)*2*m. What is the highest common divisor of w and a?
4
Suppose 7*c - 14 = 5*c. Let v be -1 - -1*(c + 3). Let x be (-30)/(-9) - 3/v. Calculate the greatest common divisor of x and 21.
3
Let p = -132 + 221. Suppose -4*a = -2*g + 3*g - p, 5*a - 85 = 4*g. Suppose 2*t = a - 5. What is the greatest common factor of 40 and t?
8
Let u = 68 - 38. Calculate the greatest common divisor of u and 12.
6
Let c(h) = -16*h - 8. Suppose t + 4 = -3. Let l be c(t). Let z be l/10 - 2/5. What is the greatest common divisor of 80 and z?
10
Suppose 0 = -d + 5*w + 84 + 33, 0 = 3*d - 4*w - 340. Calculate the greatest common factor of 32 and d.
16
Let k(a) = 2*a**2 + 4*a. Let s be k(-3). Suppose s*f - f = 125. Suppose -2*r + x = 2*r - f, -2*x = -2*r + 20. What is the highest common divisor of 15 and r?
5
Suppose -5*o + 4*i + 17 + 343 = 0, 360 = 5*o - 2*i. What is the highest common divisor of 48 and o?
24
Suppose -64 = -2*y - 2*y. Let v = 35 - y. Suppose 68 = 5*o - 27. What is the highest common divisor of o and v?
19
Let u be (11 + -10)*(-18)/(-2). What is the greatest common factor of u and 6?
3
Let r be (6/8)/(5/(200/30)). Calculate the greatest common factor of 41 and r.
1
Let v(z) = z**2 - 2*z + 4. Let t be v(3). Suppose p + 1 = 4*x, 2*p = -t*x + 2*x + 24. Suppose p*w = 6*w + 30. Calculate the greatest common divisor of w and 12.
6
Suppose -4*o + 5*z = -290, 5*z - 385 = -3*o - 2*o. What is the greatest common divisor of 225 and o?
75
Let w be (-4)/2 - (-19)/((-247)/(-17836)). What is the greatest common factor of 10 and w?
10
Let z = -2359 - -2710. Suppose 0 = -4*c + 2*c + 78. What is the greatest common divisor of z and c?
39
Suppose 40*u - 12350 = 2*u. Calculate the highest common divisor of 50 and u.
25
Suppose 75*d - 72*d = 30. Suppose i - d = -4*i. Calculate the highest common factor of 26 and i.
2
Suppose -373 + 355 = -3*s. Calculate the greatest common divisor of s and 660.
6
Let c be (-4)/(-98)*7 - 46128/(-56). Calculate the greatest common factor of 103 and c.
103
Suppose 0*q - 512 = 4*q. Let s be (2 + -3)*(q + -2). Calculate the greatest common divisor of 13 and s.
13
Let h = 43 - 41. Suppose 6*c - 12 = h*c. Calculate the highest common divisor of c and 21.
3
Let f be (2/(-4))/(5/(-1510)). Suppose f + 149 = 2*w. What is the highest common factor of 30 and w?
30
Suppose 29*q = 32*q + 114. Let w be (-4 - -12)/(-2) - (q + 2). What is the highest common divisor of 16 and w?
16
Let k be (2 + 1)*278/6. Let n = k - -70. What is the highest common factor of 19 and n?
19
Suppose -512 = 62*y - 66*y. Calculate the greatest common factor of y and 176.
16
Suppose -d + 2*c = -0*c - 85, 3*d + 4*c - 295 = 0. Calculate the highest common divisor of d and 31.
31
Suppose 9 = 2*z - 15. Calculate the greatest common factor of 78 and z.
6
Suppose 248 - 48 = 5*p. Calculate the greatest common factor of p and 440.
40
Suppose 3*d + 3*g = 192, 0 = d - 4*g + 25 - 89. Calculate the highest common divisor of 256 and d.
64
Suppose -6 = 9*r + 3. Let i = r + 27. What is the highest common factor of i and 26?
26
Let y = -144 + 141. Let f be (-220)/(-10) + 0/y. Calculate the greatest common divisor of 2 and f.
2
Suppose 2*f + 420 = 6*f. Let s(k) = k**3 + 9*k**2 - 4*k - 15. Let w be s(-9). What is the highest common factor of f and w?
21
Let j(l) = 5*l - 4. Let k(x) = -6*x + 5. Let f(o) = 3*j(o) + 2*k(o). Let p be f(6). Calculate the highest common factor of p and 16.
16
Suppose 1735 = 21*a - 15170. Calculate the greatest common divisor of a and 460.
115
Let w = 315 + -306. Calculate the highest common divisor of 387 and w.
9
Let u = -54 - -59. Let i = u - -59. Suppose 5*y - 46 = 34. What is the highest common divisor of i and y?
16
Suppose 155 - 2378 = -13*y. What is the greatest common factor of 45 and y?
9
Let c(n) = 19*n - 1. Let v be c(1). Suppose 0*i = -3*i - 4*w + 54, -3*i + 3*w + 54 = 0. Calculate the highest common factor of i and v.
18
Let r be (2 + -6)/(-4 - 552/(-140)). Calculate the greatest common divisor of 20 and r.
10
Let g be 8*(0 - 1/(-2)). Let x = 237 + -205. What is the greatest common divisor of g and x?
4
Let s be (-8)/((-40)/15 + 2). Let h = 22 - s. What is the highest common factor of h and 110?
10
Let v = 23 - 19. Suppose -5*t - 3*m + 3 = -15, m = -v. W